{"id":1905,"date":"2023-03-17T12:57:02","date_gmt":"2023-03-17T11:57:02","guid":{"rendered":"https:\/\/dev-mamludodine.pantheonsite.io\/?page_id=1905"},"modified":"2025-11-07T14:11:12","modified_gmt":"2025-11-07T13:11:12","slug":"inscriptions-pour-une-seance","status":"publish","type":"page","link":"https:\/\/www.laludodine.fr\/index.php\/inscriptions-pour-une-seance\/","title":{"rendered":"Inscriptions pour une s\u00e9ance"},"content":{"rendered":"\t\t<div data-elementor-type=\"wp-page\" data-elementor-id=\"1905\" class=\"elementor elementor-1905\">\n\t\t\t\t\t\t<section class=\"elementor-section elementor-top-section elementor-element elementor-element-5466646 elementor-section-boxed elementor-section-height-default elementor-section-height-default\" data-id=\"5466646\" data-element_type=\"section\" data-e-type=\"section\" data-settings=\"{&quot;background_background&quot;:&quot;classic&quot;}\">\n\t\t\t\t\t\t<div class=\"elementor-container elementor-column-gap-default\">\n\t\t\t\t\t<div class=\"elementor-column elementor-col-100 elementor-top-column elementor-element elementor-element-75d8b80\" data-id=\"75d8b80\" data-element_type=\"column\" data-e-type=\"column\">\n\t\t\t<div class=\"elementor-widget-wrap elementor-element-populated\">\n\t\t\t\t\t\t<div class=\"elementor-element elementor-element-9caecfa elementor-widget elementor-widget-heading\" data-id=\"9caecfa\" data-element_type=\"widget\" data-e-type=\"widget\" data-widget_type=\"heading.default\">\n\t\t\t\t<div class=\"elementor-widget-container\">\n\t\t\t\t\t<h2 class=\"elementor-heading-title elementor-size-default\">Pour s'inscrire c'est ici \u2728<\/h2>\t\t\t\t<\/div>\n\t\t\t\t<\/div>\n\t\t\t\t\t<\/div>\n\t\t<\/div>\n\t\t\t\t\t<\/div>\n\t\t<\/section>\n\t\t\t\t<section class=\"elementor-section elementor-top-section elementor-element elementor-element-c31a2a4 elementor-section-boxed elementor-section-height-default elementor-section-height-default\" data-id=\"c31a2a4\" data-element_type=\"section\" data-e-type=\"section\" data-settings=\"{&quot;background_background&quot;:&quot;classic&quot;}\">\n\t\t\t\t\t\t<div class=\"elementor-container elementor-column-gap-default\">\n\t\t\t\t\t<div class=\"elementor-column elementor-col-100 elementor-top-column elementor-element elementor-element-3867010\" data-id=\"3867010\" data-element_type=\"column\" data-e-type=\"column\">\n\t\t\t<div class=\"elementor-widget-wrap elementor-element-populated\">\n\t\t\t\t\t\t<div class=\"elementor-element elementor-element-bcf7ae3 elementor-widget elementor-widget-text-editor\" data-id=\"bcf7ae3\" data-element_type=\"widget\" data-e-type=\"widget\" data-widget_type=\"text-editor.default\">\n\t\t\t\t<div class=\"elementor-widget-container\">\n\t\t\t\t\t\t\t\t\t<p><span style=\"text-decoration: underline;\">Quelques pr\u00e9cisions utiles avant de r\u00e9server:<\/span><\/p><ul><li>les enfants sont toujours sous la responsabilit\u00e9 des adultes les accompagnant, aucun enfant devra \u00eatre laiss\u00e9 sans surveillance\u00a0<\/li><li>pour les s\u00e9ances il faut r\u00e9server 1 place par enfant. Il n&rsquo;est pas n\u00e9cessaire de r\u00e9server pour les adultes accompagnateurs. Le tarif est de 12\u20ac pour 1 enfant accompagn\u00e9 d&rsquo;un ou 2 adulte-s<\/li><li>par contre si c&rsquo;est un atelier \u00e0 destination des adultes et que vous venez en couple, pensez \u00e0 r\u00e9server 2 places\u00a0<\/li><li>Pour faciliter la r\u00e9servation vous pouvez \u00e9crire dans la barre de recherches \u00ab\u00a0Snoezelen\u00a0\u00bb \u00ab\u00a0Motricit\u00e9\u00a0\u00bb \u00ab\u00a0Activit\u00e9s\u00a0\u00bb et si vous souhaitez un atelier th\u00e9matique avec intervenant \u00ab\u00a0Atelier\u00a0\u00bb<\/li><li>Les ateliers commen\u00e7ant par # sont adapt\u00e9s aux personnes en situation de handicap<\/li><li>les s\u00e9ances d&rsquo;1 heure comprennent un temps de rangement de 10mns \u00e0 la fin<\/li><li>concernant les ateliers avec intervenants, un minimum d&rsquo;inscrits sera obligatoire pour maintenir l&rsquo;atelier. Nous vous pr\u00e9viendrons et vous rembourserons si l&rsquo;atelier venait \u00e0 \u00eatre annul\u00e9. Pensez \u00e0 vous inscrire au moins 24h \u00e0 l&rsquo;avance.<\/li><li>les r\u00e9servations ne pourront plus \u00eatre rembours\u00e9es en cas d&rsquo;annulation dans un d\u00e9lai de 24h avant l&rsquo;atelier<\/li><li>pour des raisons d&rsquo;hygi\u00e8ne, pensez \u00e0 apporter des chaussettes\u00a0 si vous venez pieds nus<\/li><li>les assistantes maternelles b\u00e9n\u00e9ficient d&rsquo;un tarif privil\u00e9gi\u00e9 avec le code ASSMAT (il vous sera demand\u00e9 votre agr\u00e9ment pour justifier de la r\u00e9duction, qui n&rsquo;est valable que pour les enfants accueillis)<\/li><li>les soci\u00e9taires de la Ludodine ont \u00e9galement droit \u00e0 une r\u00e9duction avec le code LULU (ne trichez pas, on les connait)<\/li><li>si vous avez achet\u00e9 un Pass utilisez le nom: OURSON , TRIBU, SAISON , ATELIER \u00e0 \u00e9crire en majuscules<\/li><\/ul><div>Nous vous remercions par avance et vous laissons d\u00e9couvrir le planning et \u00e0 bient\u00f4t \ud83e\uddf8<\/div>\t\t\t\t\t\t\t\t<\/div>\n\t\t\t\t<\/div>\n\t\t\t\t\t<\/div>\n\t\t<\/div>\n\t\t\t\t\t<\/div>\n\t\t<\/section>\n\t\t\t\t<section class=\"elementor-section elementor-top-section elementor-element elementor-element-7635e34 elementor-section-boxed elementor-section-height-default elementor-section-height-default\" data-id=\"7635e34\" data-element_type=\"section\" data-e-type=\"section\" data-settings=\"{&quot;background_background&quot;:&quot;classic&quot;}\">\n\t\t\t\t\t\t<div class=\"elementor-container elementor-column-gap-default\">\n\t\t\t\t\t<div class=\"elementor-column elementor-col-100 elementor-top-column elementor-element elementor-element-1b696ab\" data-id=\"1b696ab\" data-element_type=\"column\" data-e-type=\"column\">\n\t\t\t<div class=\"elementor-widget-wrap elementor-element-populated\">\n\t\t\t\t\t\t<div class=\"elementor-element elementor-element-93d2c6d elementor-widget elementor-widget-text-editor\" data-id=\"93d2c6d\" data-element_type=\"widget\" data-e-type=\"widget\" data-widget_type=\"text-editor.default\">\n\t\t\t\t<div class=\"elementor-widget-container\">\n\t\t\t\t\t\t\t\t\t<script>\n  if (typeof hasAmeliaEvent === 'undefined') {\n    var hasAmeliaEvent = true;\n  }\n  if (typeof hasEventApiCall === 'undefined' && ('' === '' && '' !== '1')) {\n    var hasEventApiCall = true;\n  }\n  var hasEventShortcode = (typeof hasEventShortcode === 'undefined') ? false : true;\n  var ameliaShortcodeData = (typeof ameliaShortcodeData === 'undefined') ? [] : ameliaShortcodeData;\n  ameliaShortcodeData.push(\n    {\n      'hasApiCall': (typeof hasEventApiCall !== 'undefined') && hasEventApiCall,\n      'trigger': '',\n      'trigger_type': '',\n      'triggered_form': 'ecf',\n      'in_dialog': '',\n      'counter': '1000',\n      'employee': '',\n      'eventId': '',\n      'eventRecurring': 0,\n      'eventTag': \"\",\n      'locationId': \"\"\n    }\n  );\n  var ameliaShortcodeDataTriggered = (typeof ameliaShortcodeDataTriggered === 'undefined') ? [] : ameliaShortcodeDataTriggered;\n  if (ameliaShortcodeData[ameliaShortcodeData.length - 1].trigger !== '') {\n    if (ameliaShortcodeDataTriggered.filter(a => a.counter === ameliaShortcodeData[ameliaShortcodeData.length - 1].counter).length === 0) {\n      ameliaShortcodeDataTriggered.push(ameliaShortcodeData.pop());\n    } else {\n      ameliaShortcodeData.pop()\n    }\n  }\n  if (typeof hasEventApiCall !== 'undefined' && hasEventApiCall) {\n    hasEventApiCall = false;\n  }\n<\/script>\n\n<div\n  id=\"amelia-v2-booking-1000\"\n  class=\"amelia-v2-booking\"\n>\n    <events-calendar-form-wrapper><\/div>\n\t\t\t\t\t\t\t\t<\/div>\n\t\t\t\t<\/div>\n\t\t\t\t\t<\/div>\n\t\t<\/div>\n\t\t\t\t\t<\/div>\n\t\t<\/section>\n\t\t\t\t<\/div>\n\t\t","protected":false},"excerpt":{"rendered":"<p>Pour s&rsquo;inscrire c&rsquo;est ici \u2728 Quelques pr\u00e9cisions utiles avant de r\u00e9server: les enfants sont toujours sous la responsabilit\u00e9 des adultes les accompagnant, aucun enfant devra \u00eatre laiss\u00e9 sans surveillance\u00a0 pour les s\u00e9ances il faut r\u00e9server 1 place par enfant. Il n&rsquo;est pas n\u00e9cessaire de r\u00e9server pour les adultes accompagnateurs. Le tarif est de 12\u20ac pour [&hellip;]<\/p>\n","protected":false},"author":1,"featured_media":0,"parent":0,"menu_order":0,"comment_status":"closed","ping_status":"closed","template":"","meta":{"site-sidebar-layout":"no-sidebar","site-content-layout":"page-builder","ast-site-content-layout":"full-width-container","site-content-style":"unboxed","site-sidebar-style":"unboxed","ast-global-header-display":"","ast-banner-title-visibility":"","ast-main-header-display":"","ast-hfb-above-header-display":"","ast-hfb-below-header-display":"","ast-hfb-mobile-header-display":"","site-post-title":"disabled","ast-breadcrumbs-content":"","ast-featured-img":"disabled","footer-sml-layout":"","ast-disable-related-posts":"","theme-transparent-header-meta":"","adv-header-id-meta":"","stick-header-meta":"","header-above-stick-meta":"","header-main-stick-meta":"","header-below-stick-meta":"","astra-migrate-meta-layouts":"set","ast-page-background-enabled":"default","ast-page-background-meta":{"desktop":{"background-color":"var(--ast-global-color-4)","background-image":"","background-repeat":"repeat","background-position":"center center","background-size":"auto","background-attachment":"scroll","background-type":"","background-media":"","overlay-type":"","overlay-color":"","overlay-opacity":"","overlay-gradient":""},"tablet":{"background-color":"","background-image":"","background-repeat":"repeat","background-position":"center center","background-size":"auto","background-attachment":"scroll","background-type":"","background-media":"","overlay-type":"","overlay-color":"","overlay-opacity":"","overlay-gradient":""},"mobile":{"background-color":"","background-image":"","background-repeat":"repeat","background-position":"center center","background-size":"auto","background-attachment":"scroll","background-type":"","background-media":"","overlay-type":"","overlay-color":"","overlay-opacity":"","overlay-gradient":""}},"ast-content-background-meta":{"desktop":{"background-color":"var(--ast-global-color-5)","background-image":"","background-repeat":"repeat","background-position":"center center","background-size":"auto","background-attachment":"scroll","background-type":"","background-media":"","overlay-type":"","overlay-color":"","overlay-opacity":"","overlay-gradient":""},"tablet":{"background-color":"var(--ast-global-color-5)","background-image":"","background-repeat":"repeat","background-position":"center center","background-size":"auto","background-attachment":"scroll","background-type":"","background-media":"","overlay-type":"","overlay-color":"","overlay-opacity":"","overlay-gradient":""},"mobile":{"background-color":"var(--ast-global-color-5)","background-image":"","background-repeat":"repeat","background-position":"center center","background-size":"auto","background-attachment":"scroll","background-type":"","background-media":"","overlay-type":"","overlay-color":"","overlay-opacity":"","overlay-gradient":""}},"footnotes":""},"class_list":["post-1905","page","type-page","status-publish","hentry"],"yoast_head":"<!-- This site is optimized with the Yoast SEO plugin v27.4 - https:\/\/yoast.com\/product\/yoast-seo-wordpress\/ -->\n<title>Inscriptions pour une s\u00e9ance - LaLudodine<\/title>\n<meta name=\"robots\" content=\"index, follow, max-snippet:-1, max-image-preview:large, max-video-preview:-1\" \/>\n<link rel=\"canonical\" href=\"https:\/\/www.laludodine.fr\/index.php\/inscriptions-pour-une-seance\/\" \/>\n<meta property=\"og:locale\" content=\"fr_FR\" \/>\n<meta property=\"og:type\" content=\"article\" \/>\n<meta property=\"og:title\" content=\"Inscriptions pour une s\u00e9ance - LaLudodine\" \/>\n<meta property=\"og:description\" content=\"Pour s&rsquo;inscrire c&rsquo;est ici \u2728 Quelques pr\u00e9cisions utiles avant de r\u00e9server: les enfants sont toujours sous la responsabilit\u00e9 des adultes les accompagnant, aucun enfant devra \u00eatre laiss\u00e9 sans surveillance\u00a0 pour les s\u00e9ances il faut r\u00e9server 1 place par enfant. Il n&rsquo;est pas n\u00e9cessaire de r\u00e9server pour les adultes accompagnateurs. Le tarif est de 12\u20ac pour [&hellip;]\" \/>\n<meta property=\"og:url\" content=\"https:\/\/www.laludodine.fr\/index.php\/inscriptions-pour-une-seance\/\" \/>\n<meta property=\"og:site_name\" content=\"LaLudodine\" \/>\n<meta property=\"article:modified_time\" content=\"2025-11-07T13:11:12+00:00\" \/>\n<meta name=\"twitter:card\" content=\"summary_large_image\" \/>\n<meta name=\"twitter:label1\" content=\"Dur\u00e9e de lecture estim\u00e9e\" \/>\n\t<meta name=\"twitter:data1\" content=\"2 minutes\" \/>\n<script type=\"application\/ld+json\" class=\"yoast-schema-graph\">{\"@context\":\"https:\\\/\\\/schema.org\",\"@graph\":[{\"@type\":\"WebPage\",\"@id\":\"https:\\\/\\\/www.laludodine.fr\\\/index.php\\\/inscriptions-pour-une-seance\\\/\",\"url\":\"https:\\\/\\\/www.laludodine.fr\\\/index.php\\\/inscriptions-pour-une-seance\\\/\",\"name\":\"Inscriptions pour une s\u00e9ance - LaLudodine\",\"isPartOf\":{\"@id\":\"https:\\\/\\\/www.laludodine.fr\\\/#website\"},\"datePublished\":\"2023-03-17T11:57:02+00:00\",\"dateModified\":\"2025-11-07T13:11:12+00:00\",\"breadcrumb\":{\"@id\":\"https:\\\/\\\/www.laludodine.fr\\\/index.php\\\/inscriptions-pour-une-seance\\\/#breadcrumb\"},\"inLanguage\":\"fr-FR\",\"potentialAction\":[{\"@type\":\"ReadAction\",\"target\":[\"https:\\\/\\\/www.laludodine.fr\\\/index.php\\\/inscriptions-pour-une-seance\\\/\"]}]},{\"@type\":\"BreadcrumbList\",\"@id\":\"https:\\\/\\\/www.laludodine.fr\\\/index.php\\\/inscriptions-pour-une-seance\\\/#breadcrumb\",\"itemListElement\":[{\"@type\":\"ListItem\",\"position\":1,\"name\":\"Accueil\",\"item\":\"https:\\\/\\\/www.laludodine.fr\\\/\"},{\"@type\":\"ListItem\",\"position\":2,\"name\":\"Inscriptions pour une s\u00e9ance\"}]},{\"@type\":\"WebSite\",\"@id\":\"https:\\\/\\\/www.laludodine.fr\\\/#website\",\"url\":\"https:\\\/\\\/www.laludodine.fr\\\/\",\"name\":\"LaLudodine\",\"description\":\"Lieu d&#039;accueil pour bien grandir\",\"publisher\":{\"@id\":\"https:\\\/\\\/www.laludodine.fr\\\/#organization\"},\"potentialAction\":[{\"@type\":\"SearchAction\",\"target\":{\"@type\":\"EntryPoint\",\"urlTemplate\":\"https:\\\/\\\/www.laludodine.fr\\\/?s={search_term_string}\"},\"query-input\":{\"@type\":\"PropertyValueSpecification\",\"valueRequired\":true,\"valueName\":\"search_term_string\"}}],\"inLanguage\":\"fr-FR\"},{\"@type\":\"Organization\",\"@id\":\"https:\\\/\\\/www.laludodine.fr\\\/#organization\",\"name\":\"LaLudodine\",\"url\":\"https:\\\/\\\/www.laludodine.fr\\\/\",\"logo\":{\"@type\":\"ImageObject\",\"inLanguage\":\"fr-FR\",\"@id\":\"https:\\\/\\\/www.laludodine.fr\\\/#\\\/schema\\\/logo\\\/image\\\/\",\"url\":\"http:\\\/\\\/www.mamludodine.fr\\\/wp-content\\\/uploads\\\/2023\\\/03\\\/admin-ajax-2.png\",\"contentUrl\":\"http:\\\/\\\/www.mamludodine.fr\\\/wp-content\\\/uploads\\\/2023\\\/03\\\/admin-ajax-2.png\",\"width\":400,\"height\":235,\"caption\":\"LaLudodine\"},\"image\":{\"@id\":\"https:\\\/\\\/www.laludodine.fr\\\/#\\\/schema\\\/logo\\\/image\\\/\"}}]}<\/script>\n<!-- \/ Yoast SEO plugin. -->","yoast_head_json":{"title":"Inscriptions pour une s\u00e9ance - LaLudodine","robots":{"index":"index","follow":"follow","max-snippet":"max-snippet:-1","max-image-preview":"max-image-preview:large","max-video-preview":"max-video-preview:-1"},"canonical":"https:\/\/www.laludodine.fr\/index.php\/inscriptions-pour-une-seance\/","og_locale":"fr_FR","og_type":"article","og_title":"Inscriptions pour une s\u00e9ance - LaLudodine","og_description":"Pour s&rsquo;inscrire c&rsquo;est ici \u2728 Quelques pr\u00e9cisions utiles avant de r\u00e9server: les enfants sont toujours sous la responsabilit\u00e9 des adultes les accompagnant, aucun enfant devra \u00eatre laiss\u00e9 sans surveillance\u00a0 pour les s\u00e9ances il faut r\u00e9server 1 place par enfant. Il n&rsquo;est pas n\u00e9cessaire de r\u00e9server pour les adultes accompagnateurs. Le tarif est de 12\u20ac pour [&hellip;]","og_url":"https:\/\/www.laludodine.fr\/index.php\/inscriptions-pour-une-seance\/","og_site_name":"LaLudodine","article_modified_time":"2025-11-07T13:11:12+00:00","twitter_card":"summary_large_image","twitter_misc":{"Dur\u00e9e de lecture estim\u00e9e":"2 minutes"},"schema":{"@context":"https:\/\/schema.org","@graph":[{"@type":"WebPage","@id":"https:\/\/www.laludodine.fr\/index.php\/inscriptions-pour-une-seance\/","url":"https:\/\/www.laludodine.fr\/index.php\/inscriptions-pour-une-seance\/","name":"Inscriptions pour une s\u00e9ance - LaLudodine","isPartOf":{"@id":"https:\/\/www.laludodine.fr\/#website"},"datePublished":"2023-03-17T11:57:02+00:00","dateModified":"2025-11-07T13:11:12+00:00","breadcrumb":{"@id":"https:\/\/www.laludodine.fr\/index.php\/inscriptions-pour-une-seance\/#breadcrumb"},"inLanguage":"fr-FR","potentialAction":[{"@type":"ReadAction","target":["https:\/\/www.laludodine.fr\/index.php\/inscriptions-pour-une-seance\/"]}]},{"@type":"BreadcrumbList","@id":"https:\/\/www.laludodine.fr\/index.php\/inscriptions-pour-une-seance\/#breadcrumb","itemListElement":[{"@type":"ListItem","position":1,"name":"Accueil","item":"https:\/\/www.laludodine.fr\/"},{"@type":"ListItem","position":2,"name":"Inscriptions pour une s\u00e9ance"}]},{"@type":"WebSite","@id":"https:\/\/www.laludodine.fr\/#website","url":"https:\/\/www.laludodine.fr\/","name":"LaLudodine","description":"Lieu d&#039;accueil pour bien grandir","publisher":{"@id":"https:\/\/www.laludodine.fr\/#organization"},"potentialAction":[{"@type":"SearchAction","target":{"@type":"EntryPoint","urlTemplate":"https:\/\/www.laludodine.fr\/?s={search_term_string}"},"query-input":{"@type":"PropertyValueSpecification","valueRequired":true,"valueName":"search_term_string"}}],"inLanguage":"fr-FR"},{"@type":"Organization","@id":"https:\/\/www.laludodine.fr\/#organization","name":"LaLudodine","url":"https:\/\/www.laludodine.fr\/","logo":{"@type":"ImageObject","inLanguage":"fr-FR","@id":"https:\/\/www.laludodine.fr\/#\/schema\/logo\/image\/","url":"http:\/\/www.mamludodine.fr\/wp-content\/uploads\/2023\/03\/admin-ajax-2.png","contentUrl":"http:\/\/www.mamludodine.fr\/wp-content\/uploads\/2023\/03\/admin-ajax-2.png","width":400,"height":235,"caption":"LaLudodine"},"image":{"@id":"https:\/\/www.laludodine.fr\/#\/schema\/logo\/image\/"}}]}},"_links":{"self":[{"href":"https:\/\/www.laludodine.fr\/index.php\/wp-json\/wp\/v2\/pages\/1905","targetHints":{"allow":["GET"]}}],"collection":[{"href":"https:\/\/www.laludodine.fr\/index.php\/wp-json\/wp\/v2\/pages"}],"about":[{"href":"https:\/\/www.laludodine.fr\/index.php\/wp-json\/wp\/v2\/types\/page"}],"author":[{"embeddable":true,"href":"https:\/\/www.laludodine.fr\/index.php\/wp-json\/wp\/v2\/users\/1"}],"replies":[{"embeddable":true,"href":"https:\/\/www.laludodine.fr\/index.php\/wp-json\/wp\/v2\/comments?post=1905"}],"version-history":[{"count":86,"href":"https:\/\/www.laludodine.fr\/index.php\/wp-json\/wp\/v2\/pages\/1905\/revisions"}],"predecessor-version":[{"id":6053,"href":"https:\/\/www.laludodine.fr\/index.php\/wp-json\/wp\/v2\/pages\/1905\/revisions\/6053"}],"wp:attachment":[{"href":"https:\/\/www.laludodine.fr\/index.php\/wp-json\/wp\/v2\/media?parent=1905"}],"curies":[{"name":"wp","href":"https:\/\/api.w.org\/{rel}","templated":true}]}}